) = 846*d**2 - 16*d + 63. Is y(5) a composite number?
True
Let q be 527*(-12)/(-16) - (-4)/(-16). Let k = q - -107. Is k composite?
True
Let s(k) = 15*k + 49. Is s(11) composite?
True
Suppose -r - 2*r = -3*c - 12, -4*r = -3*c - 17. Let w = 6 - c. Suppose b + 5*y = -0*b + 77, w*y + 408 = 4*b. Is b prime?
True
Suppose 0 = -4*b - 8, 3*o = 6*o - 4*b - 23. Suppose -o*j - 2 = -22. Suppose j*m - 141 = 5*g, -5*g = -4*m + m + 102. Is m prime?
False
Is 4*(-6)/(-12) + 9246/6 composite?
False
Is (974/(-4))/(202/68 + -3) prime?
False
Let w = 2119 - 3019. Let i = -1466 - w. Let s = i + 829. Is s a prime number?
True
Suppose -2*c = -b - 44101, 5*c - 7*c - b + 44103 = 0. Is c composite?
False
Let d be -13 - -9 - (-4)/1. Is (1 - 0)/1 - -784 - d a composite number?
True
Let m = 21685 + -11872. Is m a prime number?
False
Is 781 + 7/((-21)/(-12)) a prime number?
False
Let p(n) = 2786*n**2 - 28*n - 203. Is p(-7) a prime number?
False
Let a(r) = 37*r**2 + 4*r - 1. Suppose 9 = -5*z + u, -1 = u - 0. Is a(z) a prime number?
True
Let n(j) = -38*j**3 - 9*j**2 - 5*j - 15. Is n(-5) composite?
True
Suppose -216*y + 2673 = -217*y. Let h = -1480 - y. Is h a composite number?
False
Is -6 + 9/((-63)/(-244762)) + 1 prime?
True
Suppose -4*k + q + 48033 = 0, k - 93 = 3*q + 11929. Is k a prime number?
True
Let w = 131648 - 83713. Is w prime?
False
Let k be 2*1811 - (10 - 11). Suppose -k = -3*m + 2*u, -2*m - 5*u - 299 = -2746. Is m a composite number?
True
Let l(v) = 73*v + 2. Let w be 2/(-1*(9/(-3))/18). Is l(w) prime?
False
Let y(n) = -n**3 - 10*n**2 + 10*n - 2. Let s be y(-13). Suppose s = 3*i + 2*a, -3*i + 239 + 139 = a. Is i composite?
False
Let t(z) = 127*z. Let p be (-2 - -24 - 2)/2. Let g be 1/(-5) + 12/p. Is t(g) a composite number?
False
Suppose -5*d + 178 + 1612 = 0. Is (12/(-8))/(-1 - (-355)/d) prime?
True
Let k(n) = -35*n. Let d be k(-12). Let i = 778 - d. Is i a prime number?
False
Let l = -1485 - -1489. Let x = 0 + 0. Suppose -l*v = 3*h - x*h - 752, -211 = -v + 5*h. Is v composite?
False
Let l(z) = z**3 - 3*z**2 - 11*z - 12. Let g be l(-6). Let u = 449 + g. Is u prime?
True
Let t(o) = 2*o - 4. Let w be t(3). Suppose -4*d - w*y = -2*d + 1128, -560 = d - 3*y. Let r = -228 - d. Is r a composite number?
True
Let y(x) = x**2 - 2*x - 4. Let a be y(-2). Suppose 4*g - 156 = -4*l, -3*l - a*g + 50 + 68 = 0. Is (436/6)/(l/57) a prime number?
True
Let p(m) = -m. Let z be p(-2). Suppose -2*c + c + z = 0. Suppose 915 = c*d - 1055. Is d composite?
True
Suppose 3*q - 1258 = q. Let a be (258/(-15))/((-1)/25). Let f = q - a. Is f a prime number?
True
Let n be 7 - (-4 + (4 - 3)). Suppose n*q - 1462 = 798. Is q prime?
False
Let b = -11405 + 5471. Is b*3/(-15) + 8/40 a prime number?
True
Let a(c) = 2093*c**2 + 2*c. Let k = 11 + -10. Is a(k) a prime number?
False
Suppose -326 = 12*c - 314. Let l = -4 + 3. Is (c - -61) + 2/l a prime number?
False
Let k be ((-2)/4)/(2/(-780)). Let u(o) = 12*o**2 + 13*o - 4. Let y be u(-6). Let i = y - k. Is i composite?
True
Suppose 0 = -54*c + 3172 + 1526. Let a be (-2)/(6/469)*-3. Suppose -r + a = c. Is r prime?
False
Let v be (-4)/(-6) + 10/3. Let r(u) = 13*u**3 + 12*u**2 + 20*u - 5. Let x(d) = 6*d**3 + 6*d**2 + 12*d - 2. Let b(g) = 3*r(g) - 5*x(g). Is b(v) a prime number?
False
Let l(v) = 488*v - 3. Let p be l(1). Suppose 0 = -0*c - 5*c + p. Is c composite?
False
Suppose -116 + 6 = -10*w. Let o(l) = 2*l**3 - 12*l**2 - l + 8. Is o(w) a composite number?
True
Let b(o) = -178*o - 179. Is b(-12) a prime number?
False
Suppose 3*d + 0*d - 11 = q, 2*d = -4*q + 12. Let u(f) = -47*f**2 - 2*f - 7. Let t(z) = 21*z**2 + z + 4. Let c(g) = -5*t(g) - 3*u(g). Is c(d) a prime number?
False
Let x(n) = -2019*n - 577. Is x(-14) a prime number?
True
Let m(x) = 9333*x + 8. Let r be m(-2). Is 30/40 - r/8 composite?
False
Is 17/(170/263876) - (-6)/(-10) composite?
False
Let l(n) be the third derivative of 9*n**5/20 + n**4/2 + 23*n**3/6 + 11*n**2. Is l(-7) composite?
True
Suppose -3*g = 5*o - 117, 0 = -3*g - 2*o - o + 123. Suppose 0 = -2*c + g + 2. Is c a prime number?
True
Let o = 266 + -76. Suppose 2*y + 0*y = o. Let r = 8 + y. Is r a composite number?
False
Let t be ((-4)/7)/((-1)/(-7)*-2). Suppose 4*p - l - 39 = 0, -5 = t*p + l - 26. Is p prime?
False
Suppose 32597 = -3*n + 5*n + 5*i, 4*n + i = 65203. Is n prime?
True
Let v(c) = c - 1. Let x be v(7). Suppose 30 = g - x*g. Is 6/(-18) + (-1520)/g prime?
False
Let z(p) = -p**2 + 3*p + 1. Let u be z(3). Is 6516/16 + u/(-4) a prime number?
False
Let g(m) = 1304*m - 63. Is g(17) composite?
True
Let p = -52 - -64. Let s = p - -245. Is s composite?
False
Let q(w) = 52*w**2 - 1. Let i(l) = l**3 - 2*l**2 + l - 7. Let a be i(3). Let z be (-15)/((-25)/a) + 0. Is q(z) a prime number?
True
Suppose 6*o - 10*o = 0. Suppose 5*q + 0*d = -2*d + 959, q + d - 193 = o. Is q prime?
True
Suppose -5*q + 0*m = 2*m + 6, 8 = -2*q + 2*m. Is 0 + (-1)/q*1790 composite?
True
Suppose -t - 3 = 0, 5*q = -4*t - 6179 + 1377. Let v = -117 - q. Is v a prime number?
False
Let v be ((-6)/9)/((-3)/27). Let f = v - 1. Suppose -5*b = f*l - 310, 2*l - 2*b - b - 149 = 0. Is l a composite number?
False
Suppose 4*f = -p + 1, 7 + 5 = 3*f - 3*p. Is 3/(-9) - f/((-9)/19614) a prime number?
True
Suppose 9*o - 4*o - 10 = 0. Let n be 10/55 - o/11. Suppose 0 = -n*g - 2*g + 74. Is g a prime number?
True
Is (4722/(-10))/((-10)/50) prime?
False
Let j(c) = 39*c**2 + 5*c - 11. Let l(p) = 38*p**2 + 4*p - 10. Let n(h) = -3*j(h) + 4*l(h). Is n(-9) a prime number?
True
Let s = 430 - 133. Suppose -s = -5*g + 1298. Is g prime?
False
Suppose -3*v = 4*o - 5, 11 = 5*v - 0*v + 4*o. Suppose v*b = -2*m - 0*m + 1234, 0 = -3*m + 2*b + 1877. Is m prime?
False
Let o be (-6)/(-4) + -1 - 132/24. Is 439/2*o*(-6)/15 prime?
True
Suppose -10 = 5*u - 40. Let v(h) = 45*h - 17. Let t be v(u). Suppose 2*l = l + t. Is l a prime number?
False
Suppose -2*t + 10 = m, -2*m = -t + 2 - 7. Suppose 0 = -3*q - 4*u + 753, m*q + u - 1004 = 2*u. Is q a composite number?
False
Let z be (-3441)/(-2)*(-2)/(-3). Let p = z - 758. Is p a prime number?
True
Let d = 9199 - 3938. Is d prime?
True
Suppose 2*b = 2, -4*t + 11 = 3*b - 0*b. Suppose 155 + 123 = t*o. Is o prime?
True
Let z(t) = 199*t - 79. Is z(8) a composite number?
True
Let z(n) = 217*n**2 + 6*n - 1. Let d be z(-5). Let y be (12/(-16))/(1/(-4)). Suppose y*k = -3*k + d. Is k a prime number?
False
Let j = 4803 + -2290. Is j composite?
True
Let l(r) = 185*r - 58. Is l(11) a composite number?
True
Let f(x) = -x**2 + 10*x + 24. Let g be f(12). Suppose 2*z - 883 - 1543 = g. Is z composite?
False
Let t(i) be the third derivative of -i**6/60 - 2*i**5/15 + i**4/8 + 4*i**3/3 + i**2. Let b(c) = c**2 + 4*c - 6. Let m be b(-4). Is t(m) a prime number?
False
Is (-39)/65 + (0 - 290604/(-15)) composite?
False
Suppose 3*l = -571 + 5857. Is l a composite number?
True
Let s(y) = -y**2 + 2*y + 17. Let l be s(-4). Is l/(6/(-3714) + 0) a composite number?
True
Let u = 0 - 16. Let y be 4/u - (-42)/8. Suppose y*h = 3*h + 38. Is h a prime number?
True
Let r = -64 + 61. Is 1 - -1397 - 8/(5 - r) a composite number?
True
Let z(s) = -3*s**3 - 7*s**2 + 31*s - 44. Is z(-19) a composite number?
False
Let y(g) = 13*g. Let t(j) = -781*j. Let n(q) = 2*t(q) + 121*y(q). Suppose 5*h - 8 = h. Is n(h) prime?
False
Suppose 5*n = 2*v + v - 38, 4*v + 31 = -5*n. Let k(d) = -6 - 5*d**3 + 0*d + 5*d + 4*d**3 + 5. Is k(n) prime?
True
Let l(a) = -a**3 - 12*a**2 - 9*a + 12. Let v be l(-12). Let i(g) = -38*g + 39*g + v - 41. Is i(0) prime?
True
Let o = -9 + 12. Suppose 4*g + 12 = 0, k - 4*k = -2*g + o. Is k + (21 - 0) + 4 a prime number?
False
Suppose -5*v = 2*k - 3, 0 = -v - 1 - 0. Let s be ((-22)/8)/(k/48). Is -29*1/(3/s) prime?
False
Suppose -7*v + d = -2*v + 4, 5*d = 3*v + 20. Suppose f = 4*f - 6. Suppose v*r - 1114 = -f*r. Is r composite?
False
Let y = -113 + -7. Let p be ((-3)/(-6))/((-5)/y). Let m(f) = 16*f + 19. Is m(p) a composite number?
False
Suppose 0 = 2*c - 3*c - 3*h - 679, -5*h = 3*c + 2041. Is c/(-4 - 2/(-1)) prime?
False
Let r(o) = 2*o**3 + 6*o**2 - 5*o - 5. Let v(h) = 4*h**3 + 11*h**2 - 9*h - 9. Let c(k) = 7*r(k) - 4*v(k). Is c(-6) a prime number?
False
Is -14622*(63/(-14) + 4) composite?
True
Let o = -424 - -906. Is (o - (-15)/(-5))/(0 - -1) a composite number?
False
Let h(s) = -124*s - 97. Supp